visor of 5818967 and 1540?
77
What is the highest common divisor of 3287269 and 13114?
79
What is the greatest common factor of 3269275 and 677700?
6275
Calculate the highest common factor of 25156192 and 153.
17
Calculate the greatest common factor of 8854712 and 496.
8
What is the greatest common factor of 2897918 and 114?
38
Calculate the highest common divisor of 311753 and 2470.
13
Calculate the greatest common divisor of 2195258 and 150696.
598
Calculate the greatest common divisor of 3870 and 46521.
9
Calculate the greatest common factor of 396 and 32265750.
66
Calculate the greatest common divisor of 7872 and 28524864.
192
Calculate the greatest common factor of 3938 and 69982.
22
Calculate the greatest common divisor of 416206 and 6107.
31
What is the greatest common divisor of 96 and 1197103728?
48
What is the highest common factor of 86284 and 960113?
407
Calculate the highest common divisor of 49509226 and 1352.
338
Calculate the greatest common divisor of 40 and 7682590.
10
What is the highest common divisor of 486376360 and 2480?
1240
What is the greatest common divisor of 2671826 and 2010?
134
What is the highest common factor of 2820 and 3689760?
60
Calculate the greatest common factor of 352 and 277656896.
352
Calculate the highest common factor of 19604640 and 19740.
2820
What is the highest common factor of 2158 and 2235311?
13
What is the highest common divisor of 18 and 66583266?
6
What is the highest common divisor of 2774 and 80690112?
2774
Calculate the greatest common divisor of 8625 and 75966125.
2875
Calculate the greatest common divisor of 1214 and 680003890.
1214
What is the highest common divisor of 480 and 17001240?
120
What is the highest common divisor of 407065751 and 2131?
2131
What is the highest common factor of 250976 and 3127032?
248
What is the highest common factor of 28300806 and 1116?
18
Calculate the highest common factor of 65637 and 59891.
221
Calculate the highest common factor of 7338341 and 194.
97
What is the greatest common divisor of 6465648 and 41552?
784
What is the greatest common factor of 24214008 and 1976?
104
What is the greatest common factor of 11322223 and 62?
31
Calculate the greatest common factor of 80 and 2555195.
5
Calculate the greatest common divisor of 226 and 66868654.
226
What is the highest common divisor of 8100860 and 27028?
116
Calculate the greatest common divisor of 7589254 and 488.
122
Calculate the highest common divisor of 21 and 6325383.
3
Calculate the greatest common factor of 54091125 and 99.
99
What is the highest common divisor of 6890 and 42082?
106
What is the greatest common divisor of 2424 and 92178357?
303
Calculate the highest common factor of 65367 and 46537.
269
Calculate the greatest common divisor of 14363 and 39379.
53
Calculate the greatest common factor of 14131 and 5666008153.
14131
Calculate the greatest common factor of 5159801 and 94.
47
Calculate the greatest common divisor of 2834440 and 881656.
1528
What is the greatest common divisor of 65 and 32401850?
65
What is the greatest common factor of 1391104944 and 5728?
2864
What is the highest common factor of 159983740 and 3155?
3155
What is the greatest common divisor of 28418 and 27410254?
2186
Calculate the greatest common factor of 412342 and 10367.
7
What is the greatest common divisor of 148278 and 13494?
78
What is the greatest common factor of 13053160 and 155?
5
Calculate the greatest common factor of 800 and 53200.
400
What is the highest common divisor of 311591 and 1225?
49
Calculate the highest common factor of 10856557 and 1258.
17
What is the highest common divisor of 694696 and 800?
8
Calculate the highest common factor of 279381 and 8211.
69
What is the greatest common divisor of 72 and 599914980?
36
What is the greatest common divisor of 868 and 255202106?
62
Calculate the greatest common divisor of 26163 and 1322001.
1539
Calculate the greatest common factor of 556344 and 2502.
18
What is the highest common divisor of 27604 and 1931044?
412
Calculate the highest common divisor of 1082 and 73777793.
541
What is the greatest common factor of 199073 and 1547?
7
What is the highest common factor of 4 and 134854548?
4
Calculate the highest common divisor of 45 and 446645.
5
Calculate the greatest common divisor of 64675 and 5550025.
325
Calculate the highest common divisor of 364 and 89040224.
364
Calculate the highest common divisor of 515 and 26853130.
515
What is the highest common divisor of 7704768 and 192?
192
What is the greatest common divisor of 136278485 and 35?
35
Calculate the greatest common factor of 70821 and 628056.
549
What is the highest common divisor of 1192737 and 315?
21
Calculate the greatest common divisor of 39508 and 48411244.
2324
What is the greatest common divisor of 187 and 895444?
11
Calculate the greatest common divisor of 38 and 41879363.
19
Calculate the highest common divisor of 406 and 4575144.
14
What is the highest common divisor of 16 and 12363809?
1
What is the greatest common factor of 6111 and 1053465?
21
What is the highest common factor of 107520 and 15168?
192
What is the greatest common factor of 1062 and 118413472?
118
Calculate the highest common factor of 99 and 81698199.
33
Calculate the greatest common divisor of 3090 and 486930.
30
What is the greatest common divisor of 620814080 and 160?
160
What is the highest common factor of 48 and 57611484?
12
What is the highest common divisor of 1273184 and 330?
22
What is the highest common divisor of 5639241 and 9?
3
Calculate the greatest common divisor of 67638304 and 4.
4
What is the highest common factor of 1250 and 21422?
2
Calculate the highest common divisor of 672 and 23619792.
336
What is the highest common factor of 4807352 and 14?
2
What is the highest common factor of 566535 and 27745?
895
What is the greatest common factor of 3227445 and 1468935?
5265
What is the highest common factor of 175 and 1398040?
35
What is the greatest common divisor of 4942696 and 3168?
88
What is the greatest common divisor of 21659962 and 295?
59
Calculate the highest common factor of 529397869 and 77.
77
Calculate the greatest common factor of 235380 and 7260.
60
What is the highest common factor of 1706724 and 864?
108
What is the highest common factor of 32700 and 798425?
2725
What is the greatest common factor of 198904 and 92000?
184
Calculate the greatest common factor of 5308 and 66340.
4
What is the highest common factor of 1103982825 and 27225?
9075
What is the greatest common divisor of 1551024 and 54864?
144
What is the highest common divisor of 154 and 825843326?
154
What is the highest common factor of 45496 and 7524136?
376
Calculate the greatest common factor of 746944385 and 22.
11
What is the greatest common factor of 5241072 and 392?
8
Calculate the highest common factor of 4232 and 9274428.
2116
Calculate the highest common factor of 448822524 and 15603.
2229
What is the greatest common factor of 1717233 and 3759?
21
What is the greatest common factor of 3603 and 178918975?
1201
Calculate the highest common divisor of 9348 and 2376729.
2337
What is the greatest common factor of 608140237 and 62?
31
What is the greatest common divisor of 1931904 and 693888?
4992
What is the highest common divisor of 21156 and 1625568?
492
Calculate the highest common divisor of 298025133 and 1246.
623
What is the greatest common divisor of 151280 and 120590?
310
What is the greatest common factor of 5448612 and 632?
4
What is the greatest common factor of 113652 and 28166292?
2772
Calculate the highest common divisor of 2152085 and 29007.
293
Calculate the greatest common factor of 3654 and 14423382.
522
Calculate the greatest common factor of 3733023 and 168.
21
What is the highest common divisor of 114 and 152299896?
114
What is the greatest common factor of 84328 and 82296?
1016
Calculate the greatest common factor of 364364 and 30338.
154
What is the highest common divisor of 549230616 and 4048?
2024
What is the highest common divisor of 12003328 and 24?
8
What is the greatest common divisor of 447513 and 1508111?
781
What is the greatest common divisor of 6074 and 149502399?
3037
What is the highest common divisor of 224 and 24423728?
112
Calculate the greatest common divisor of 9 a